ded by 1508.
325
What is the remainder when 160267312 is divided by 1037?
1036
Calculate the remainder when 17031 is divided by 41.
16
Calculate the remainder when 1041264 is divided by 520464.
336
Calculate the remainder when 32069321 is divided by 262.
259
Calculate the remainder when 26366729 is divided by 8788895.
44
What is the remainder when 1205361 is divided by 133929?
0
Calculate the remainder when 414988 is divided by 6916.
28
Calculate the remainder when 1670642 is divided by 28.
22
What is the remainder when 2318324 is divided by 9581?
9303
What is the remainder when 2131136 is divided by 720?
656
Calculate the remainder when 1376329 is divided by 84.
73
What is the remainder when 16138090 is divided by 358620?
190
Calculate the remainder when 285433 is divided by 933.
868
What is the remainder when 5240069 is divided by 213?
56
Calculate the remainder when 1723357 is divided by 245998.
1371
What is the remainder when 374222 is divided by 884?
290
Calculate the remainder when 17793906 is divided by 6583.
57
What is the remainder when 12132514 is divided by 3033111?
70
What is the remainder when 1472811 is divided by 93?
63
What is the remainder when 4014783 is divided by 65?
58
Calculate the remainder when 24367247 is divided by 1846.
47
Calculate the remainder when 12676216 is divided by 170.
166
Calculate the remainder when 286815 is divided by 2258.
49
What is the remainder when 91783 is divided by 91770?
13
What is the remainder when 533671103 is divided by 2494?
2489
What is the remainder when 44709 is divided by 14541?
1086
Calculate the remainder when 4339731 is divided by 6656.
19
Calculate the remainder when 5667244 is divided by 2032.
2028
What is the remainder when 89994028 is divided by 11249253?
4
Calculate the remainder when 761600 is divided by 8960.
0
What is the remainder when 4720235 is divided by 7410?
65
What is the remainder when 26481 is divided by 6615?
21
Calculate the remainder when 5255 is divided by 4472.
783
Calculate the remainder when 1786086 is divided by 127577.
8
Calculate the remainder when 47691 is divided by 7772.
1059
What is the remainder when 54137 is divided by 1082?
37
Calculate the remainder when 4514694 is divided by 1981.
1976
Calculate the remainder when 719034 is divided by 2140.
2134
Calculate the remainder when 6711 is divided by 1415.
1051
What is the remainder when 4867728 is divided by 199?
188
What is the remainder when 222544 is divided by 110359?
1826
What is the remainder when 11269928 is divided by 51?
50
Calculate the remainder when 900452 is divided by 17314.
124
Calculate the remainder when 4183016 is divided by 36693.
14
Calculate the remainder when 27475049 is divided by 13737515.
19
What is the remainder when 17188660 is divided by 954923?
46
Calculate the remainder when 371769 is divided by 123739.
552
What is the remainder when 22293448 is divided by 532?
520
What is the remainder when 2592460 is divided by 503?
501
Calculate the remainder when 13304583 is divided by 144615.
3
What is the remainder when 9790036 is divided by 681?
661
Calculate the remainder when 359050 is divided by 923.
3
What is the remainder when 31668988 is divided by 381554?
6
Calculate the remainder when 85586104 is divided by 51.
46
Calculate the remainder when 45131 is divided by 14990.
161
What is the remainder when 316520 is divided by 779?
246
Calculate the remainder when 1282463 is divided by 9570.
83
What is the remainder when 83355 is divided by 2197?
2066
Calculate the remainder when 3456301 is divided by 562.
1
Calculate the remainder when 17517190 is divided by 7.
5
Calculate the remainder when 125610 is divided by 3685.
320
What is the remainder when 214518 is divided by 21194?
2578
What is the remainder when 238220 is divided by 29734?
348
Calculate the remainder when 3567569 is divided by 89.
4
Calculate the remainder when 29575 is divided by 14699.
177
Calculate the remainder when 2054551 is divided by 228268.
139
Calculate the remainder when 976365 is divided by 72.
45
Calculate the remainder when 426757 is divided by 2032.
37
What is the remainder when 4442360 is divided by 62?
60
Calculate the remainder when 593127 is divided by 3696.
1767
What is the remainder when 145623377 is divided by 28?
25
Calculate the remainder when 1190974 is divided by 595481.
12
Calculate the remainder when 4073089 is divided by 18514.
9
What is the remainder when 127083 is divided by 42353?
24
What is the remainder when 82256 is divided by 16322?
646
What is the remainder when 16682706 is divided by 291?
258
Calculate the remainder when 168824246 is divided by 9930838.
0
Calculate the remainder when 1953173399 is divided by 7041.
7040
What is the remainder when 9282906 is divided by 49?
3
Calculate the remainder when 8416419 is divided by 21.
18
What is the remainder when 1826234 is divided by 256?
186
What is the remainder when 2227799 is divided by 58?
19
Calculate the remainder when 1111381 is divided by 681.
670
What is the remainder when 174189628 is divided by 95?
3
Calculate the remainder when 10965654 is divided by 126.
0
What is the remainder when 415126 is divided by 180?
46
What is the remainder when 9761974 is divided by 20?
14
Calculate the remainder when 4996689 is divided by 2338.
383
Calculate the remainder when 80800782 is divided by 19.
14
What is the remainder when 122632 is divided by 1124?
116
What is the remainder when 42278594 is divided by 6?
2
Calculate the remainder when 1422 is divided by 1120.
302
What is the remainder when 236746 is divided by 472?
274
What is the remainder when 313846964 is divided by 537?
536
What is the remainder when 698341 is divided by 274?
189
Calculate the remainder when 51568 is divided by 2192.
1152
What is the remainder when 97638 is divided by 48297?
1044
What is the remainder when 5554347 is divided by 845?
162
What is the remainder when 109947 is divided by 106095?
3852
What is the remainder when 1851546 is divided by 1850957?
589
Calculate the remainder when 1957928 is divided by 1597.
6
Calculate the remainder when 123414 is divided by 17610.
144
What is the remainder when 3868906 is divided by 358?
0
What is the remainder when 158977223 is divided by 1281?
1280
Calculate the remainder when 15342841 is divided by 65012.
9
What is the remainder when 5586250 is divided by 3496?
3138
Calculate the remainder when 1103541 is divided by 14969.
10804
What is the remainder when 17084 is divided by 16552?
532
Calculate the remainder when 353954 is divided by 1229.
2
Calculate the remainder when 105222875 is divided by 70.
65
Calculate the remainder when 3530530 is divided by 142.
126
Calculate the remainder when 1543566 is divided by 10279.
1716
Calculate the remainder when 397791803 is divided by 34.
31
What is the remainder when 24214409 is divided by 2800?
9
Calculate the remainder when 222131 is divided by 8524.
507
What is the remainder when 6071764 is divided by 123?
115
What is the remainder when 19864015 is divided by 4073?
4067
What is the remainder when 8475755 is divided by 47?
10
Calculate the remainder when 1868658 is divided by 622832.
162
Calculate the remainder when 47608 is divided by 10899.
4012
Calculate the remainder when 23788 is divided by 356.
292
Calculate the remainder when 3620445 is divided by 2309.
2242
Calculate the remainder when 5431187 is divided by 206.
203
What is the remainder when 194458967 is divided by 69?
62
What is the remainder when 1057058 is divided by 164?
78
Calculate the remainder when 1072973 is divided by 357656.
5
Calculate the remainder when 419550039 is divided by 104887509.
3
Calculate the remainder when 3236183 is divided by 8385.
7958
Calculate the remainder when 45334 is divided by 45096.
238
Calculate the remainder when 2598428 is divided by 24.
20
Calculate the remainder when 11305773 is divided by 369.
351
Calculate the remainder when 424672 is divided by 61.
51
What is the remainder when 1261185 is divided by 3664?
769
Calculate the remainder when 151141 is divided by 10065.
166
What is the remainder when 764702 is divided by 4068?
3986
Calculate the remainder when 13999109 is divided by 2214.
2201
Calculate the remainder when 394448 is divided by 75.
23
What is the remainder when 561